(-8). Let n(o) be the first derivative of -5 - 2*o**2 + 1/4*o**4 - 7*o - 5/3*o**q. Calculate n(6).
5
Let x(g) be the first derivative of g**5/30 - g**3/6 + g**2 - 1. Let j(t) be the second derivative of x(t). Let z be 13 + (-22 - -2) - (-11 - -3). Give j(z).
1
Let f(l) = 2*l**2 - 3*l + 2. Suppose 2*n = 0, 15*m - 3*n = 11*m + 40. Let z(b) = 4*b - 37. Let w be z(m). Give f(w).
11
Let s be ((-2)/(-4))/((3/(-24))/((-60)/(-80))). Let n(x) = 2*x**2 - 3*x + 1. Let a(l) = -l**2 + 2*l - 1. Let m(p) = -7*a(p) - 4*n(p). What is m(s)?
0
Let z(n) = 73 + 31 - 7 + 29*n - 9*n + 11. Calculate z(-5).
8
Let b(k) = -k + 0 + 0 - 4 + 16. Let f = -178 - -189. Calculate b(f).
1
Let y = 372 - 374. Let i(m) = -3*m + m**2 + 20 - 14 - m. Let d(n) = n - 1. Let k(h) = -4*d(h) - i(h). Give k(y).
-6
Let w = 1352 + -1346. Let z(g) = -5*g + 6. Give z(w).
-24
Let b(z) be the third derivative of -z**5/60 - 17*z**4/8 - 81*z**3/2 + z**2 - 8*z - 23. Determine b(-5).
-13
Let t(b) = -b**2 + 38*b - 186. Let o = -5495 - -5527. Give t(o).
6
Let o(z) = -2*z**2 + 3*z + 4. Let y = -1790 - -1793. Calculate o(y).
-5
Let o(k) be the first derivative of k**3/3 - 2*k**2 + 2*k + 3. Let q(i) = -16*i - 78. Let h be q(-5). Suppose -4*l - 3*z = -4, -4*l = z - h - 10. Give o(l).
2
Let p(y) = 3*y + 4. Suppose 5*o - 117 = 2*a - 129, 1 = 2*o + 5*a. Determine p(o).
-2
Let b(k) = 4*k**2 - k. Suppose 15*m - 12 = 9*m. Suppose 3*o - 8 + m = 0. Suppose -8 = 2*j - 5*l, 3*l = 4*j + 2*l - o. Determine b(j).
3
Let y = -9246 + 9249. Let q(f) = 3*f + 15 - 2*f - 15. Determine q(y).
3
Let c = 1344 + -1330. Let l(j) be the first derivative of -c - 2*j**2 - 1/3*j**3 + 9*j. Calculate l(-7).
-12
Let b(u) = 18 - u**3 + 3 + 9 + u + 9*u**2 - 33. Determine b(9).
6
Let o(h) be the third derivative of h**6/120 - 7*h**5/60 - 5*h**4/24 - 17*h**3/6 - 1180*h**2. Determine o(8).
7
Let b(q) = -11 + 77*q - 219*q + 73*q - 21 + 71*q. What is b(15)?
-2
Let z(g) = 5*g - 2. Let t(w) be the third derivative of -11*w**4/12 - 51*w**3/2 + 155*w**2. Let p be t(-7). What is z(p)?
3
Let r(l) = l**2 + l + 1. Let k(s) = -s**2 + 8*s**2 + 8*s - 2 + s + 7 + 1. Let m(x) = -x - 16. Let w be m(-11). Let h(b) = w*r(b) + k(b). Give h(-3).
7
Let h(b) = 2*b**2 - 6*b + 4. Suppose 20*o + 31 + 29 = 0. Let r(y) = -y**2 - 1. Let x(w) = o*r(w) - h(w). Give x(-6).
-1
Let q(y) = -y**3 - 3*y**2 - 3*y. Let s(d) = 2*d**3 + 7*d**2 + 4*d + 1. Suppose 17*b + 122 = 20. Let v(a) = b*s(a) - 11*q(a). Calculate v(-10).
4
Suppose -9 = 2*h + h. Let k(o) = o**2 - 27*o + 29. Let y be k(26). Let u(x) = 3*x - 4*x - 3*x**2 + 2*x**3 - 3*x**3 + 0*x**y - 2. Calculate u(h).
1
Let h(l) = -19*l + 332. Suppose n - 9*p = 251 - 234, -5*n = -5*p - 85. What is h(n)?
9
Let v(j) = -2*j**2 - 21*j - 6. Let l be 552/90 + 2/(-15) - 16. Calculate v(l).
4
Suppose 581 = 2*v + 27. Let p(r) = 138 - v + 148 + r**2 - 6*r - 4*r. Let i be -2 - (-9*1 - 0). Determine p(i).
-12
Let u(s) = -19 + 16 - 13*s**2 - 18*s - 3*s**3 + 16 + 42 + 2*s**3. Calculate u(-11).
11
Let j(a) be the second derivative of -2*a**3/3 - 3*a**2/2 + 221*a + 5. Let p(m) = 3*m - 1. Let q be p(-1). What is j(q)?
13
Let k = 6 + 1. Suppose -9 = 5*j + 3*y, 0*y - 12 = -3*j + 4*y. Let d(f) = j + 30*f**2 - f**3 + 7 - 24*f**2 - 8*f + k*f. Determine d(6).
1
Suppose -675*y + 672*y + 15 = 2*j, 3*y + 4*j = 21. Let k(d) = 60*d - 178. Calculate k(y).
2
Let w be (2/(-5))/(-1 - 20/(-25)). Let p(z) be the first derivative of -5*z**w + 2*z**2 - 2480 + 2487 + z. Give p(-2).
13
Let r(l) = l**3 - 9*l**2 + 4*l - 17. Suppose 0 = k + 5*i + 22, 239*k - 241*k - 8 = 4*i. Give r(k).
-49
Let s(g) = -8*g + 106 - 35 - 35 - 37. Give s(-5).
39
Let n(t) = 14*t**3 - 3*t**2 - t. Let a(c) = 30*c**3 - 7*c**2 - 2*c. Let s(y) = -6*a(y) + 13*n(y). Let j = 14 - 17. What is s(j)?
-24
Let r(w) = 9*w + 9. Let u be (-185)/(-111)*6/(-2). Calculate r(u).
-36
Let s(a) = -256*a**3 + 93*a**3 + 13*a + 2*a**2 + 88*a**3 + 12 + 91*a**3. Determine s(-1).
-15
Let v(r) = -r**2 + 9*r - 9. Let w(d) = d**3 + 5*d**2 + 3*d + 2. Let c = 448 + -311. Let z = 133 - c. Let g be w(z). Calculate v(g).
9
Let b(a) = -4*a**3 + 57*a - 14. Let z(s) = -9*s**3 + 123*s - 29. Let p(r) = -13*b(r) + 6*z(r). Determine p(2).
-14
Let x = -540 + 574. Let m(a) = -a**3 + 35*a**2 - 35*a + 28. Let l be m(x). Let r(g) = -6*g**2 + 2*g**3 - 3*g**3 + 5 - 6. Calculate r(l).
-1
Let g(q) = -21*q + 50. Suppose -17*r + 4*r - 106 = -158. Determine g(r).
-34
Let q(u) = u + 4. Let d = -2 - -27. Suppose 0*o + d = -4*o - 5*v, 3*o = 3*v + 15. Give q(o).
4
Let k(q) be the first derivative of -2*q**3/3 + 69*q**2/2 - 42*q - 3355. Give k(34).
-8
Let r(p) = -27*p + 47. Let q(a) = 49*a - 93. Let t(c) = 6*q(c) + 11*r(c). Let n(y) = y + 13. Let j(s) = -10*n(s) - 3*t(s). Calculate j(-9).
2
Let r(u) be the second derivative of -u**5/20 + 2*u**4/3 - u**3 - 6*u**2 + 730*u. Give r(7).
-5
Let q = 37 - 33. Suppose -3*w + q*w - 41 = 0. Let l(a) = -4*a - 79 + 40 + w. Calculate l(2).
-6
Suppose 0*u = -2*u - 6. Let y(t) = 47*t**3 + 47*t**2 - 47*t + 442. Let n(r) = 11*r**3 + 11*r**2 - 11*r + 103. Let k(m) = 30*n(m) - 7*y(m). Determine k(u).
-19
Let j(w) be the third derivative of w**6/120 - w**5/60 + 11*w**4/24 - w**3/2 + 199*w**2 - 6*w. Determine j(3).
48
Let b(u) = 3*u - 344. Let j be b(117). Let r(x) = x**3 - 7*x**2 - 6*x + 38. What is r(j)?
-4
Suppose 0 = -28*q + 32 + 52. Let t(a) = 2*a + 24*a**2 - q + 0*a + 3 - 22*a**2. Give t(-2).
4
Let t be (6*-1)/((-9)/6). Suppose 0 = 3*g + 4*k - 17, -2*g = 4*k - 13 - 1. Suppose -2*a = n - t*n - 6, -g = -n - a. Let j(u) = -u - 7. Calculate j(n).
-7
Let b(x) = x**2 - 17*x - 8. Let h = -878 - -896. Calculate b(h).
10
Let q(j) = -3*j**2 + 12*j - 7. Let v be (-399)/(-76) + (-6)/(-8). Calculate q(v).
-43
Let m(x) = x + 6. Let y = -146 - -225. Suppose 5*w + y = -4*d + 39, -16 = -w + 4*d. Determine m(w).
2
Let l(m) = 16*m**3 - 2*m + 1. Suppose -2*s + 73*t = 76*t + 10, s = -4*t - 15. What is l(s)?
15
Let o(g) = 3*g**3 + 2*g**2 + 1. Let p(j) = -206 + j**2 + j**3 + 206 + 0*j**2. Let a be 0 + -1 + (1 - -1). Let z(s) = a*o(s) - 2*p(s). Calculate z(-2).
-7
Suppose -5*n = 39 + 76. Let j = n - -33. Let o(y) = j*y + 11 - 6*y - 5. What is o(-4)?
-10
Let b(a) = -a**3 - 9*a**2 - 4*a - 26. Let c(f) = -312*f - 2193. Let o be c(-7). Give b(o).
10
Suppose 11*z - 8*z - 108 = 0. Let i = z - 30. Suppose 0*j + j = i. Let r(k) = -k**3 + 7*k**2 - 7*k + 3. What is r(j)?
-3
Let o = -93 - -96. Let x(k) = -4*k + 5. Let j(c) = 1. Let m(z) = j(z) - x(z). Calculate m(o).
8
Let w(k) be the second derivative of 4*k**3/3 - 7*k**2 - k + 121. Calculate w(-6).
-62
Let o(v) = 0*v + v - 1 - 2*v + 0. Let f(l) = 1. Let r(q) = 5*q + 4. Let a(n) = 2*f(n) - r(n). Let u(p) = -a(p) + 3*o(p). What is u(-1)?
-3
Let k(r) = -71*r**2 - 153*r - 107. Let f(u) = -10*u**2 - 21*u - 15. Let g(m) = 29*f(m) - 4*k(m). Determine g(-4).
-115
Suppose -c - 4*r = 14, 0 = 4*c - 5*r - 0*r - 28. Let l(f) = -12*f**3 - 6*f + 13*f**3 + 0*f + f - 3*f**c + 3 + 1. What is l(5)?
29
Let z = -114 + 190. Let o be z/57 - 2/6*-8. Suppose -2*h - 4 = -o*k, -3*h = k - 3*k - 10. Let l(j) = -j**3 + 7*j**2 - 8*j + 6. What is l(h)?
-6
Suppose 5*h + 2*u - 12 = 5, 3*u + 22 = 2*h. Suppose -25 = h*t - 5*o, -3 = o - 5. Let d(y) = 2*y**2 + 3*y - 3. Give d(t).
6
Suppose -79 = 47*g + 68*g - 1114. Let b(z) = 13*z - 120. Give b(g).
-3
Let q(l) = l + 4. Let m(d) = 16*d - 73. Let j(x) = -m(x) + 4*q(x). Let c be j(8). Let n(r) = r**2 + 9*r + 19. Calculate n(c).
5
Let u(v) be the first derivative of 11*v**2/2 - 6*v + 1031. Determine u(-9).
-105
Let w(n) = 2*n + 3. Suppose -354*q - 30 = -357*q - 2*a, -5*q = -3*a - 50. Calculate w(q).
23
Let r(z) = -4*z - 19. Let g = -353 + 353. Suppose -46*h - 250 + 20 = g. Determine r(h).
1
Let z(o) = 97 + 8*o**2 + 18*o**3 + 2*o - 16*o**3 - 3*o**2 - 85. Calculate z(-4).
-44
Let b = 8 + -3. Suppose 7 + b = 4*f. Let u(r) = -2 - 107*r + 222*r - 116*r + 6. Determine u(f).
1
Let d(q) = 7*q + 1. Suppose 4 = -0*l + 2*l + 3*z, z - 6 = 4*l. Let a be d(l). Let h(k) = -4*k - 4. Let x(t) = 9*t + 6. Let v(f) = 7*h(f) + 3*x(f). Give v(a).
-4
Let c(v) be the second derivative of 6*v**2 + 3*v + 18 - 1/6*v**3. Give c(10).
2
Suppose -358*q - 476 = -477*q. Let h(s) be the first derivative of -s**4/4 + s**3/3 + 3*s**2/2 - 3*s - 1. What is h(q)?
-39
Let m(h) = h**3 + 14*h**2 + 10*h - 23. Let p be -5 + -36 +